ivide 506?
True
Is 27280 a multiple of 176?
True
Does 4 divide 1377?
False
Is 1350 a multiple of 6?
True
Is 9890 a multiple of 230?
True
Is 123 a factor of 73270?
False
Does 54 divide 108?
True
Is 12753 a multiple of 13?
True
Is 4634 a multiple of 14?
True
Does 3 divide 25?
False
Is 4004 a multiple of 22?
True
Does 120 divide 3840?
True
Does 9 divide 4869?
True
Is 21 a factor of 6009?
False
Is 16641 a multiple of 38?
False
Is 104 a multiple of 52?
True
Does 23 divide 31142?
True
Does 16 divide 7347?
False
Is 3300 a multiple of 4?
True
Is 114 a factor of 1482?
True
Is 78 a factor of 14118?
True
Is 181 a multiple of 5?
False
Does 17 divide 1190?
True
Is 23139 a multiple of 27?
True
Is 17384 a multiple of 106?
True
Does 26 divide 105646?
False
Does 24 divide 667?
False
Is 13 a factor of 1276?
False
Is 39 a factor of 368?
False
Does 50 divide 7150?
True
Does 328 divide 44368?
False
Is 211 a factor of 127209?
False
Is 12 a factor of 1555?
False
Is 174 even?
True
Does 62 divide 10292?
True
Is 16695 a multiple of 15?
True
Is 1247 a multiple of 43?
True
Is 1040 a multiple of 10?
True
Is 6399 a multiple of 81?
True
Is 476 a multiple of 28?
True
Is 191 a factor of 17428?
False
Is 324 a multiple of 3?
True
Is 13 a factor of 93?
False
Is 61404 a multiple of 204?
True
Is 1348 a multiple of 89?
False
Is 488 a multiple of 11?
False
Is 295 a factor of 14750?
True
Does 4 divide 608?
True
Does 25 divide 381?
False
Is 17 a factor of 663?
True
Is 81 a multiple of 4?
False
Is 6130 a multiple of 8?
False
Is 16 a factor of 7728?
True
Is 437 a multiple of 19?
True
Is 15 a factor of 1695?
True
Does 2 divide 144?
True
Is 15 a factor of 33911?
False
Does 98 divide 4410?
True
Is 12 a factor of 44?
False
Is 16 a factor of 45760?
True
Is 9 a factor of 779?
False
Is 70312 a multiple of 34?
True
Does 307 divide 53876?
False
Is 3400 a multiple of 20?
True
Does 11 divide 636?
False
Does 86 divide 9576?
False
Is 137 a factor of 14933?
True
Does 16 divide 5477?
False
Is 286 a multiple of 56?
False
Is 22 a factor of 1135?
False
Is 15300 a multiple of 90?
True
Is 69693 a multiple of 39?
True
Is 35 a factor of 21220?
False
Does 4 divide 279?
False
Is 5195 a multiple of 5?
True
Does 17 divide 6969?
False
Is 90 a factor of 13590?
True
Is 22 a factor of 63250?
True
Is 125 a factor of 2375?
True
Is 651 a multiple of 48?
False
Does 3 divide 3919?
False
Is 5273 a multiple of 34?
False
Is 121 even?
False
Is 14430 a multiple of 15?
True
Does 59 divide 1324?
False
Is 78907 a multiple of 60?
False
Is 9 a factor of 711?
True
Is 70 a factor of 27709?
False
Does 4 divide 46?
False
Is 28413 a multiple of 3?
True
Is 106 a factor of 20797?
False
Is 38 a factor of 722?
True
Does 29 divide 406?
True
Does 85 divide 7055?
True
Is 8382 a multiple of 33?
True
Is 31 a factor of 1518?
False
Is 3115 a multiple of 23?
False
Is 10 a factor of 480?
True
Is 1200 a multiple of 13?
False
Is 6 a factor of 96?
True
Is 32 a multiple of 3?
False
Does 49 divide 1960?
True
Is 3108 a multiple of 6?
True
Is 1662 a multiple of 16?
False
Does 9 divide 24048?
True
Is 11115 a multiple of 45?
True
Is 30 a factor of 19056?
False
Does 69 divide 1516?
False
Is 10729 a multiple of 112?
False
Is 7 a factor of 101?
False
Is 81 a factor of 329?
False
Is 1898 a multiple of 13?
True
Is 84 a factor of 31500?
True
Is 4 a factor of 394?
False
Is 4 a factor of 45?
False
Is 92 a factor of 2116?
True
Is 8 a factor of 824?
True
Is 913 a multiple of 7?
False
Is 6 a factor of 204?
True
Is 240 a factor of 56564?
False
Does 166 divide 7545?
False
Is 10 a factor of 14707?
False
Is 228 a multiple of 6?
True
Does 15 divide 4455?
True
Is 69 a multiple of 4?
False
Is 3 a factor of 357?
True
Is 24 a multiple of 4?
True
Is 26532 a multiple of 22?
True
Does 15 divide 377?
False
Does 2 divide 4281?
False
Is 2 a factor of 221?
False
Is 1378 a multiple of 26?
True
Does 155 divide 9145?
True
Does 24 divide 788?
False
Does 7 divide 35?
True
Is 5 a factor of 801?
False
Is 380 a multiple of 38?
True
Is 85206 a multiple of 113?
False
Does 67 divide 8509?
True
Does 32 divide 1376?
True
Is 12908 a multiple of 14?
True
Is 162 a multiple of 6?
True
Does 112 divide 1232?
True
Is 40 a factor of 17548?
False
Does 60 divide 12540?
True
Is 879 a multiple of 68?
False
Is 6573 a multiple of 55?
False
Does 25 divide 13525?
True
Does 19 divide 2662?
False
Is 64 a factor of 366?
False
Is 103 a factor of 7685?
False
Is 53 a factor of 2332?
True
Is 15288 a multiple of 10?
False
Is 867 a multiple of 42?
False
Is 3 a factor of 1319?
False
Is 3784 a multiple of 22?
True
Is 10 a factor of 6450?
True
Is 8455 a multiple of 72?
False
Is 5 a factor of 65?
True
Does 3 divide 494?
False
Is 6693 a multiple of 23?
True
Does 14 divide 1073?
False
Is 2880 a multiple of 4?
True
Is 23 a factor of 1125?
False
Does 6 divide 3999?
False
Does 101 divide 10496?
False
Is 532 a multiple of 39?
False
Is 14 a factor of 610?
False
Is 10 a factor of 7660?
True
Is 53 a factor of 1080?
False
Is 20 a factor of 11178?
False
Is 12 a factor of 49280?
False
Is 6054 a multiple of 13?
False
Is 3384 a multiple of 39?
False
Does 9 divide 171?
True
Is 14 a factor of 835?
False
Does 12 divide 7591?
False
Is 17 a factor of 404?
False
Is 21 a factor of 12301?
False
Does 24 divide 24?
True
Is 126371 a multiple of 9?
False
Is 5770 a multiple of 10?
True
Is 14 a factor of 316?
False
Is 1836 a multiple of 25?
False
Does 12 divide 4500?
True
Is 22 a factor of 6886?
True
Is 96 a multiple of 96?
True
Is 174 a multiple of 12?
False
Does 44 divide 6554?
False
Is 22400 a multiple of 40?
True
Is 50350 a multiple of 87?
False
Is 663 a multiple of 39?
True
Does 8 divide 384?
True
Is 152 a factor of 106704?
True
Is 4931 a multiple of 47?
False
Is 25083 a multiple of 27?
True
Does 13 divide 303?
False
Does 84 divide 76668?
False
Is 13212 a multiple of 36?
True
Does 150 divide 7650?
True
Is 1196 a multiple of 23?
True
Does 28 divide 2040?
False
Is 30 a factor of 2070?
True
Is 21 a factor of 239?
False
Is 53 a multiple of 5?
False
Is 3520 a multiple of 22?
True
Is 14 a factor of 4629?
False
Is 14 a factor of 2170?
True
Is 6 a factor of 582?
True
Does 5 divide 120?
True
Is 2348 a multiple of 7?
False
Is 45901 a multiple of 175?
False
Is 43 a multiple of 9?
False
Is 454 a multiple of 32?
False
Is 4 a factor of 204?
True
Is 12366 a multiple of 54?
True
Is 6 a factor of 988?
False
Is 286 a multiple of 26?
True
Is 23858 a multiple of 79?
True
Is 25 a factor of 12232?
False
Is 46869 a multiple of 218?
False
Does 4 divide 2215?
False
Is 24770 a multiple of 86?
False
Is 15983 a multiple of 39?
False
Does 3 divide 130?
False
Is 109 a factor of 1962?
True
Is 313 a factor of 19376?
False
Is 26 a factor of 396?
False
Is 160 a multiple of 8?
True
Is 304 a multiple of 2?
True
Does 36 divide 109836?
True
Does 24 divide 888?
True
Does 10 divide 4455?
False
Is 888 a multiple of 5?
False
Is 4 a factor of 48?
True
Is 10397 a multiple of 12?
False
Is 41 a factor of 1312?
True
Is 4079 a multiple of 5?
False
Is 16 a factor of 1166?
False
Does 15 divide 13425?
True
Does 41 divide 14575?
False
Is 12 a factor of 477?
False
Is 2 a factor of 2444?
True
Does 61 divide 915?
True
Does 23 divide 1349?
False
Does 11 divide 88?
True
Is 137 a factor of 24806?
False
Is 20276 a multiple of 145?
False
Does 5 divide 421?
False
Does 24 divide 110736?
True
Is 143 a multiple of 13?
True
Is 31941 a multiple of 63?
True
Is 5225 a multiple of 39?
False
Is 27 a factor of 386?
False
Is 1207 a multiple of 5?
False
Is 18 a factor of 89192?
False
Does 31 divide 9858?
True
Does 21 divide 1176?
True
Is 9225 a multiple of 38?
False
Is 64 a factor of 1247?
False
Does 13 divide 13696?
False
Does 187 divide 2244?
True
Is 61 a factor of 5063?
True
Is 30 a multiple of 23?
False
Is 6786 a multiple of 13?
True
Is 34 a factor of 8500?
True
Is 25 a factor of 1225?
True
Is 81 a factor of 13840?
False
Is 130 a multiple of 26?
True
Is 7620 a multiple of 10?
True
Does 7 divide 406?
True
Is 19276 a multiple of 44?
False
Is 2606 a multiple of 47?
False
Is 95013 a multiple of 51?
True
Is 1150 a multiple of 50?
True
Is 16 a factor of 52784?
True
Is 64 a factor of 3859?
False
Is 18 a factor of 74682?
True
Is 35 a factor of 840?
True
Does 11 divide 792?
True
Is 8 a factor of 5016?
True
Is 19 a fact